 q be x(3). Let n(z) be the second derivative of -z**4/12 - z**3/2 - z**2/2 - 15*z. Calculate n(q).
1
Let d(t) be the third derivative of -t**8/20160 - t**7/1260 - t**6/360 - t**5/60 + 3*t**2. Let b(o) be the third derivative of d(o). Calculate b(-3).
1
Let a(s) = -15*s**2 + s - 1. Suppose 1 + 3 = 4*i. Calculate a(i).
-15
Suppose -7 - 2 = 5*s + w, 2*s = 4*w - 8. Let u(x) = 9*x - 1. Give u(s).
-19
Let r(z) be the third derivative of -1/720*z**6 + 1/8*z**4 + 0 - 1/120*z**5 + 0*z**3 - 2*z**2 + 0*z. Let p(q) be the second derivative of r(q). What is p(-4)?
3
Let s(a) be the third derivative of -a**6/120 + a**5/15 - a**4/12 + a**3/2 - 14*a**2. Let x(q) = q**2 - 8*q - 6. Let v be x(9). Determine s(v).
6
Let o(p) be the third derivative of -p**5/60 + p**4/6 - 2*p**2. Let k(s) = 2*s**2 - s - 1. Let i be k(2). Determine o(i).
-5
Let x(l) = -l**2 - 4*l - 1. Let m(b) = b**3 - 6*b**2 + 6. Let j be m(6). Suppose 12 = 2*w + 5*v, w - v - 3 = -2*v. Let s = w - j. What is x(s)?
-6
Let u(j) = -3*j**3 - 3*j**2 - 8*j - 11. Let c(z) = 4*z**3 + 2*z**2 + 8*z + 12. Let o(g) = -4*c(g) - 5*u(g). Determine o(8).
7
Let m(y) = 8*y**2 + 1. Let x(p) = p**3 + 6*p**2 + 6*p - 7. Suppose -8 = -4*j + 6*j. Let d be x(j). What is m(d)?
9
Let v(j) = -j**2 + 4*j + 4. Let y be (-80)/14 + (-4)/14. Suppose -f - 4*f - 15 = 5*b, 2*b - 5*f - 8 = 0. Let g = b - y. Determine v(g).
-1
Let a be 0 + (-3 - (-3 + 4)). Let x(o) be the first derivative of o**4/4 + 5*o**3/3 + 3*o**2/2 + 2*o + 1. Calculate x(a).
6
Let f(d) = -d - 5. Let h be f(0). Let i(c) be the third derivative of 0 - 1/24*c**4 - 3/2*c**3 + 0*c + 2*c**2. Determine i(h).
-4
Let k(m) = m - 1. Suppose 4*z - 2*i + 44 = 2*i, -13 = 3*z + 2*i. Calculate k(z).
-8
Let u(d) = -2*d + 5. Let v be u(-4). Let y = v + -19. Let r = y + 6. Let g(z) = z**3 - z**2 - z - 8. Calculate g(r).
-8
Let t be (-2 + 6)/(-4)*2/2. Let j(o) = o + 1. What is j(t)?
0
Let o be 2/(-7) + (-10)/(-35). Let a(h) = h**2 + 3*h - 1. Let s(g) = -g**2 - 2*g. Let y(r) = -2*a(r) - 3*s(r). Determine y(o).
2
Let v(g) be the second derivative of g**3/6 - g**2 + 2*g. Let d be 0*(-3)/(-6) + 4. Determine v(d).
2
Let k(c) = c**2 - 1. Let j(d) = -d**2 + d - 6. Let h(u) = j(u) - 5*k(u). Determine h(1).
-6
Let j(g) = -g**3 + 5*g**2 - 3*g + 1. Let v = 2 - -5. Let t = -3 + v. Calculate j(t).
5
Let l be (4/(-3))/(12/(-18)). Let r(p) = 0*p**2 + 6*p**l + 2 - 5 - p**3 + 2. Determine r(6).
-1
Let b(c) = 6*c**2 - 3. Let f(o) = 2*o**2 - 1. Let t(h) = -4*b(h) + 11*f(h). Calculate t(2).
-7
Let u(t) = -t**2 + 11*t - 1. Let s be u(11). Let q(h) = -20*h**2 + h. What is q(s)?
-21
Let s(m) = 8*m**2 + m - 1. Let t(a) = -4 + 0*a + 7*a**2 - 4*a - 5*a**3 + 4*a**3. Let q be t(6). Suppose 4*i = -4*k + 16, -4*i - i - k = -q. Give s(i).
8
Let l be (2 + -6)/((-4)/2). Let d(f) = 3 - 3*f**2 + 2*f + 4*f - f**3 - l*f. Give d(-2).
-9
Let r(w) = 3*w**2 + 2*w + 7. Let d(k) = -k**2 - k - 3. Let f(z) = 7*d(z) + 3*r(z). What is f(1)?
1
Let u(y) = -6*y**3 - 1. Let t be 0/3 + 1 + (2 - 4). What is u(t)?
5
Let l = -19 - -18. Let b(f) = 8*f**2 + 2*f + 1. Calculate b(l).
7
Suppose h + h = -u + 5, -2*h = -u + 1. Let y(v) be the first derivative of -1/3*v**3 - u + 0*v**2 - 4*v. Give y(0).
-4
Let x(f) = -f + 4. Let d = 6 - 0. Determine x(d).
-2
Let r(w) = -w**2 + 5*w + 5. Suppose -5*x = -4*o + 15, 3*x + 9 = -4*o + 8*o. Let b = 9 + x. What is r(b)?
-1
Let g(v) = 2*v + 1. Let w be ((-2)/(-2))/((-1)/(-29)). Suppose -3*m - 5*o + w = 0, m = -0*m - 2*o + 11. Let c be (-6)/m*(-2)/4. Determine g(c).
3
Suppose 1 = -2*q - h, -6*q - 15 = -q + 5*h. Let n(w) = -2*w**3 + w + 1. What is n(q)?
-13
Let r = 0 - -6. Let n(y) = 20*y + 5*y**2 - 9*y - 7*y - 4*y**2 - 7*y - 4. What is n(r)?
14
Let p(o) = o - 1. Let s(w) = 2*w - 3. Let j(k) = -3*p(k) + s(k). Determine j(-6).
6
Let b(a) = 3*a**3 - a**2 + 4*a - 2. Let s(r) = 16*r**3 - 4*r**2 + 20*r - 9. Suppose 2 = -5*x + 4*x. Let c(m) = x*s(m) + 11*b(m). Determine c(3).
8
Let a(x) be the second derivative of x**5/10 - x**3/6 - x**2/2 + 18*x. Let q = -3 - -2. Calculate a(q).
-2
Suppose 21*n = 2*n - 4*n. Let u(w) be the second derivative of -3/2*w**2 + 1/3*w**3 - w + n - 1/12*w**4. Give u(3).
-6
Let h(r) = 2*r**3 - r - 1. Let o(n) = -n**3 - 2*n**2 + n - 4. Let w be o(-3). Let y be w*(1/(-2))/(-1). Suppose -3*l = 4*p - 1, l - p + 1 = -y. Determine h(l).
-2
Let c(i) = -i**3 - 2*i**2 - 1. Let l(z) = z**2 + 5*z + 4. Let r be l(-3). What is c(r)?
-1
Let t = -22 + 37. Let b = -12 + t. Let a(r) = -r**3 + 2*r**2 + 3*r + 1. Determine a(b).
1
Let u = 8 + -11. Let d(s) = -5*s + 9. Let l be d(-5). Let a(r) = 1 - 2 - 36*r + l*r. Determine a(u).
5
Let n(z) = -12*z**3 + z**2. Let q be 9/(-3) - (-8)/4. Determine n(q).
13
Let i(s) = 3*s**2 - 18*s - 15. Let r(g) = -2*g**2 + 12*g + 10. Let v(b) = 5*i(b) + 7*r(b). Calculate v(5).
-10
Let v(b) = -2*b - 2. Let y be v(-1). Let r(c) = -c**3 - c. Determine r(y).
0
Let q = 6 - -4. Suppose 3*y - q = -4. Let u be (-2)/(y - 2 - 2). Let v(m) = -m + 2. What is v(u)?
1
Let k(n) = n**2 + n + 2. Let z(o) = -o**2 - o - 2. Let b(x) = -5*k(x) - 6*z(x). Let q be (-2 - -2) + 0/(-5). Give b(q).
2
Let f(z) be the second derivative of -z**5/20 + z**4/4 + z**3/6 + z**2/2 - 11*z. Give f(4).
-11
Let c(y) be the second derivative of -y**4/12 - y**3 - y**2 - 2*y - 5. What is c(-5)?
3
Let f(d) = 2*d - 5*d - 2 + 0 - 2. Let p be f(-3). Suppose p*s + 10 = -a, 3*a + 30 = -5*s + 10. Let n(u) = -5*u**3 + u**2 - u - 1. Determine n(s).
6
Let d(n) be the third derivative of n**6/40 - 4*n**2. Suppose z + 5*h = -8 - 0, 6 = -z - 3*h. Let c(v) = v**2 + 2*v - 2. Let a be c(z). Determine d(a).
3
Let w(t) be the third derivative of t**6/120 - t**5/60 - t**4/24 + t**3 - 12*t**2. Suppose 6*k = k. Give w(k).
6
Let i(w) = -w**3 + 4*w**2 + 6*w + 1. Let p(x) = x + 59*x**2 - 58*x**2 + 5 + 0. Let g be p(0). Give i(g).
6
Let n(h) be the first derivative of -h**2/2 + 4*h - 246. Suppose -b - 2*b + 18 = 0. Let x be (b/(-5))/(6/(-20)). Determine n(x).
0
Let f(o) be the third derivative of -o**6/120 - o**4/24 + 5*o**3/6 - 2*o**2. Let u be 4/156*6 - (-4)/(-26). Calculate f(u).
5
Let h(o) = -o**3 - 3*o**2 - 2*o + 2. Let g be h(-4). Suppose 4*m = -j - g, 3*m - 6*m - 24 = 3*j. Let y(b) = b - 4. Give y(m).
-10
Suppose 2*y = -2*y + 12. Let g(a) = 5 - a**2 + 5*a**2 - a**2 + a + a**2 + a**y. What is g(-4)?
1
Let j(x) = 2*x**2 + 6*x + 1. Suppose h + c + 5 = 0, 3*c = 2*h - 2*c + 3. Calculate j(h).
9
Let o(a) = a**2 - 4*a. Suppose 3*z + 3 = 9. Let t be z/(-1) + 3 + 3. What is o(t)?
0
Let v(c) be the second derivative of -c**3/6 - 7*c**2/2 - 2*c. Let l be -6*1*2/3. Let y = 4 + l. Determine v(y).
-7
Let h = 11 - -16. Suppose 4*y - 4*q + 4 = -2*q, 5*y + 3*q = -h. Let m(d) = 2*d**2 + 4*d + 2. Calculate m(y).
8
Let o(m) = -m**2 + m. Let c be 2 - 7/(14/4). Give o(c).
0
Let c(s) = 2*s**3 - 2*s**2 - s. Suppose h - 8 = -h. Suppose -2*k - 5 = 3*p, -h*p - 2 = 3*k + 5. What is c(k)?
-3
Suppose -5*w = 13 - 63. Let o be (-1)/(w/(-8) - -1). Let y(u) = -2*u - 4 - u + 1 + u**2. Determine y(o).
1
Let q = 2 + -1. Let p(g) = -5*g + g - 2*g - 1. What is p(q)?
-7
Suppose 0 = -4*y + 8, 0*h + 3*h + 2*y - 1 = 0. Let q = h - 0. Let p(b) = 11*b + 1. Determine p(q).
-10
Let j(q) = -2. Let c(u) = -u - 1. Let w(d) = 3*c(d) + j(d). Suppose v = -v - 2*k, 4*k = -4. Let h be 2*(-1)/v - 3. What is w(h)?
10
Let q(a) be the second derivative of -a**5/60 - 7*a**4/24 - a**3 - a**2/2 - a. Let r(d) be the first derivative of q(d). What is r(-5)?
4
Let y be (-69)/(-21) + (-4)/14. Suppose y*t - 18 = -0*t. Let i(d) = -2*d + t*d - d**2 - 5*d. Determine i(-2).
-2
Let z(h) be the third derivative of 0 + 1/5040*h**7 + 0*h**4 + 0*h + 1/30*h**5 - h**2 + 0*h**3 + 0*h**6. Let f(m) be the third derivative of z(m). What is f(3)?
3
Let z(i) = -i**3 + 3*i**2 + 5*i - 4. Let c(o) = o**3 + 9*o**2 - 10*o + 2. Let a be c(-10). Let y(b) = -3 + a + 5 + b. Let k be y(0). Give z(k).
0
Let h(t) = -2*t - 1. Let f be 0/(-2 + -2 + 2). Let q be f + (0 - -1) + -2. Calculate h(q).
1
Let q(x) = -1 - 5*x + 5*x + x + 4. Let b(h) = -h**3 + 3*h**2 + 6*h - 4. Let a be b(4). What is q(a)?
7
Let o(i) = -i**3 - 7*i**2 - 7*i + 2. Suppose -6 = q - 1. What is o(q)?
-13
Let h(l) = -l**2 + 12*l + 13. Let a be h(13). Let m(o) = -o**3 - o**2 + o + 15. What is m(a)?
15
Let u = 10 - 12. Let a(b) = 2*b**2 + 3*b + 1. Calculate a(